{"id":127,"date":"2025-07-02T10:29:47","date_gmt":"2025-07-02T13:29:47","guid":{"rendered":"http:\/\/lardosvelinhosmafra.com.br\/?page_id=127"},"modified":"2025-07-02T11:00:36","modified_gmt":"2025-07-02T14:00:36","slug":"contribua","status":"publish","type":"page","link":"https:\/\/lardosvelinhosmafra.com.br\/?page_id=127","title":{"rendered":"Contribua"},"content":{"rendered":"\t\t<div data-elementor-type=\"wp-page\" data-elementor-id=\"127\" class=\"elementor elementor-127\" data-elementor-post-type=\"page\">\n\t\t\t\t<div class=\"elementor-element elementor-element-2960a246 e-flex e-con-boxed e-con e-parent\" data-id=\"2960a246\" data-element_type=\"container\" data-settings=\"{&quot;background_background&quot;:&quot;classic&quot;}\">\n\t\t\t\t\t<div class=\"e-con-inner\">\n\t\t\t\t<div class=\"elementor-element elementor-element-1d005a3c elementor-widget elementor-widget-heading\" data-id=\"1d005a3c\" data-element_type=\"widget\" data-widget_type=\"heading.default\">\n\t\t\t\t\t<h2 class=\"elementor-heading-title elementor-size-default\">CONTRIBUA<\/h2>\t\t\t\t<\/div>\n\t\t\t\t\t<\/div>\n\t\t\t\t<\/div>\n\t\t<div class=\"elementor-element elementor-element-3ae8e6fa e-flex e-con-boxed e-con e-parent\" data-id=\"3ae8e6fa\" data-element_type=\"container\" data-settings=\"{&quot;background_background&quot;:&quot;classic&quot;}\">\n\t\t\t\t\t<div class=\"e-con-inner\">\n\t\t\t\t<div class=\"elementor-element elementor-element-6f9e7389 elementor-widget elementor-widget-heading\" data-id=\"6f9e7389\" data-element_type=\"widget\" data-widget_type=\"heading.default\">\n\t\t\t\t\t<div class=\"elementor-heading-title elementor-size-default\">Saiba<\/div>\t\t\t\t<\/div>\n\t\t\t\t<div class=\"elementor-element elementor-element-160b4757 animated-slow elementor-invisible elementor-widget elementor-widget-heading\" data-id=\"160b4757\" data-element_type=\"widget\" data-settings=\"{&quot;_animation&quot;:&quot;fadeInUp&quot;}\" data-widget_type=\"heading.default\">\n\t\t\t\t\t<h3 class=\"elementor-heading-title elementor-size-default\">COMO CONTRIBUIR<\/h3>\t\t\t\t<\/div>\n\t\t\t\t<div class=\"elementor-element elementor-element-5c3f0072 elementor-widget__width-initial elementor-widget elementor-widget-text-editor\" data-id=\"5c3f0072\" data-element_type=\"widget\" data-widget_type=\"text-editor.default\">\n\t\t\t\t\t\t\t\t\t<p>Sua ajuda transforma vidas!<\/p>\t\t\t\t\t\t\t\t<\/div>\n\t\t<div class=\"elementor-element elementor-element-2683ecc4 e-con-full e-flex e-con e-child\" data-id=\"2683ecc4\" data-element_type=\"container\">\n\t\t<div class=\"elementor-element elementor-element-69a89c3 animated-slow e-con-full e-flex elementor-invisible e-con e-child\" data-id=\"69a89c3\" data-element_type=\"container\" data-settings=\"{&quot;animation&quot;:&quot;fadeInLeft&quot;}\">\n\t\t<div class=\"elementor-element elementor-element-678462c2 e-con-full e-flex e-con e-child\" data-id=\"678462c2\" data-element_type=\"container\">\n\t\t\t\t<div class=\"elementor-element elementor-element-5ad364c9 elementor-widget-mobile__width-initial elementor-widget elementor-widget-heading\" data-id=\"5ad364c9\" data-element_type=\"widget\" data-widget_type=\"heading.default\">\n\t\t\t\t\t<h3 class=\"elementor-heading-title elementor-size-default\">01<\/h3>\t\t\t\t<\/div>\n\t\t\t\t<div class=\"elementor-element elementor-element-1f231623 elementor-widget-mobile__width-initial elementor-widget__width-initial elementor-widget elementor-widget-heading\" data-id=\"1f231623\" data-element_type=\"widget\" data-widget_type=\"heading.default\">\n\t\t\t\t\t<h4 class=\"elementor-heading-title elementor-size-default\"><strong data-start=\"3096\" data-end=\"3118\">Doa\u00e7\u00f5es f\u00edsicas<\/strong><\/h4>\t\t\t\t<\/div>\n\t\t\t\t<\/div>\n\t\t\t\t<div class=\"elementor-element elementor-element-532d859b elementor-widget elementor-widget-text-editor\" data-id=\"532d859b\" data-element_type=\"widget\" data-widget_type=\"text-editor.default\">\n\t\t\t\t\t\t\t\t\t<p data-start=\"3096\" data-end=\"3278\">\u2705 Alimentos (especialmente <strong data-start=\"3148\" data-end=\"3157\">leite<\/strong> \u2014 consumimos em m\u00e9dia <strong data-start=\"3180\" data-end=\"3201\">24 litros por dia<\/strong>)<br data-start=\"3202\" data-end=\"3205\" \/>\u2705 Roupas e cal\u00e7ados<br data-start=\"3224\" data-end=\"3227\" \/>\u2705 M\u00f3veis e objetos para o nosso <strong data-start=\"3259\" data-end=\"3278\">bazar solid\u00e1rio<\/strong><\/p>\t\t\t\t\t\t\t\t<\/div>\n\t\t\t\t<\/div>\n\t\t<div class=\"elementor-element elementor-element-6bbae4e4 animated-slow e-con-full e-flex elementor-invisible e-con e-child\" data-id=\"6bbae4e4\" data-element_type=\"container\" data-settings=\"{&quot;animation&quot;:&quot;fadeInUp&quot;}\">\n\t\t<div class=\"elementor-element elementor-element-32ccd71f e-con-full e-flex e-con e-child\" data-id=\"32ccd71f\" data-element_type=\"container\">\n\t\t\t\t<div class=\"elementor-element elementor-element-3f6077f1 elementor-widget-mobile__width-initial elementor-widget elementor-widget-heading\" data-id=\"3f6077f1\" data-element_type=\"widget\" data-widget_type=\"heading.default\">\n\t\t\t\t\t<h3 class=\"elementor-heading-title elementor-size-default\">02<\/h3>\t\t\t\t<\/div>\n\t\t\t\t<div class=\"elementor-element elementor-element-20c42638 elementor-widget-mobile__width-initial elementor-widget elementor-widget-heading\" data-id=\"20c42638\" data-element_type=\"widget\" data-widget_type=\"heading.default\">\n\t\t\t\t\t<h4 class=\"elementor-heading-title elementor-size-default\">Doa\u00e7\u00f5es em dinheiro<\/h4>\t\t\t\t<\/div>\n\t\t\t\t<\/div>\n\t\t\t\t<div class=\"elementor-element elementor-element-6fe7616d elementor-widget elementor-widget-text-editor\" data-id=\"6fe7616d\" data-element_type=\"widget\" data-widget_type=\"text-editor.default\">\n\t\t\t\t\t\t\t\t\t<p>\ud83d\udcac Entre em contato com a nossa recep\u00e7\u00e3o para receber os dados banc\u00e1rios ou a chave PIX.<\/p>\t\t\t\t\t\t\t\t<\/div>\n\t\t\t\t<\/div>\n\t\t<div class=\"elementor-element elementor-element-303151e7 animated-slow e-con-full e-flex elementor-invisible e-con e-child\" data-id=\"303151e7\" data-element_type=\"container\" data-settings=\"{&quot;animation&quot;:&quot;fadeInRight&quot;}\">\n\t\t<div class=\"elementor-element elementor-element-20cfa22f e-con-full e-flex e-con e-child\" data-id=\"20cfa22f\" data-element_type=\"container\">\n\t\t\t\t<div class=\"elementor-element elementor-element-407edc6b elementor-widget-mobile__width-initial elementor-widget elementor-widget-heading\" data-id=\"407edc6b\" data-element_type=\"widget\" data-widget_type=\"heading.default\">\n\t\t\t\t\t<h3 class=\"elementor-heading-title elementor-size-default\">03<\/h3>\t\t\t\t<\/div>\n\t\t\t\t<div class=\"elementor-element elementor-element-21ce77ba elementor-widget-mobile__width-initial elementor-widget elementor-widget-heading\" data-id=\"21ce77ba\" data-element_type=\"widget\" data-widget_type=\"heading.default\">\n\t\t\t\t\t<h4 class=\"elementor-heading-title elementor-size-default\">3. Seja um volunt\u00e1rio<\/h4>\t\t\t\t<\/div>\n\t\t\t\t<\/div>\n\t\t\t\t<div class=\"elementor-element elementor-element-670f6f8e elementor-widget elementor-widget-text-editor\" data-id=\"670f6f8e\" data-element_type=\"widget\" data-widget_type=\"text-editor.default\">\n\t\t\t\t\t\t\t\t\t<p data-start=\"3411\" data-end=\"3538\">Voc\u00ea pode contribuir com seu tempo e carinho.<br data-start=\"3484\" data-end=\"3487\" \/>Atendemos com agendamento volunt\u00e1rios das \u00e1reas de:<\/p><ul data-start=\"3539\" data-end=\"3605\"><li data-start=\"3539\" data-end=\"3558\"><p data-start=\"3541\" data-end=\"3558\">Beleza e est\u00e9tica<\/p><\/li><li data-start=\"3559\" data-end=\"3574\"><p data-start=\"3561\" data-end=\"3574\">M\u00fasica e arte<\/p><\/li><li data-start=\"3575\" data-end=\"3593\"><p data-start=\"3577\" data-end=\"3593\">Sa\u00fade e cuidados<\/p><\/li><li data-start=\"3594\" data-end=\"3605\"><p data-start=\"3596\" data-end=\"3605\">Recrea\u00e7\u00e3o<\/p><\/li><\/ul><p data-start=\"3607\" data-end=\"3640\">\ud83d\udcf2 Entre em contato para agendar!<\/p>\t\t\t\t\t\t\t\t<\/div>\n\t\t\t\t<\/div>\n\t\t\t\t<\/div>\n\t\t\t\t\t<\/div>\n\t\t\t\t<\/div>\n\t\t<div class=\"elementor-element elementor-element-12a7a00c e-flex e-con-boxed e-con e-parent\" data-id=\"12a7a00c\" data-element_type=\"container\">\n\t\t\t\t\t<div class=\"e-con-inner\">\n\t\t<div class=\"elementor-element elementor-element-460a2cc2 e-con-full e-flex e-con e-child\" data-id=\"460a2cc2\" data-element_type=\"container\">\n\t\t\t\t<div class=\"elementor-element elementor-element-6670c21f animated-slow elementor-invisible elementor-widget elementor-widget-image\" data-id=\"6670c21f\" data-element_type=\"widget\" data-settings=\"{&quot;_animation&quot;:&quot;fadeInDown&quot;}\" data-widget_type=\"image.default\">\n\t\t\t\t\t\t\t\t\t\t\t\t\t\t\t<img fetchpriority=\"high\" decoding=\"async\" width=\"1920\" height=\"1280\" src=\"https:\/\/lardosvelinhosmafra.com.br\/wp-content\/uploads\/2025\/07\/Why-Choose-Us-Image-2.jpg\" class=\"attachment-full size-full wp-image-29\" alt=\"\" srcset=\"https:\/\/lardosvelinhosmafra.com.br\/wp-content\/uploads\/2025\/07\/Why-Choose-Us-Image-2.jpg 1920w, https:\/\/lardosvelinhosmafra.com.br\/wp-content\/uploads\/2025\/07\/Why-Choose-Us-Image-2-300x200.jpg 300w, https:\/\/lardosvelinhosmafra.com.br\/wp-content\/uploads\/2025\/07\/Why-Choose-Us-Image-2-1024x683.jpg 1024w, https:\/\/lardosvelinhosmafra.com.br\/wp-content\/uploads\/2025\/07\/Why-Choose-Us-Image-2-768x512.jpg 768w, https:\/\/lardosvelinhosmafra.com.br\/wp-content\/uploads\/2025\/07\/Why-Choose-Us-Image-2-1536x1024.jpg 1536w\" sizes=\"(max-width: 1920px) 100vw, 1920px\" \/>\t\t\t\t\t\t\t\t\t\t\t\t\t\t\t<\/div>\n\t\t<div class=\"elementor-element elementor-element-40cd1d60 e-con-full e-flex e-con e-child\" data-id=\"40cd1d60\" data-element_type=\"container\">\n\t\t\t\t<\/div>\n\t\t\t\t<\/div>\n\t\t<div class=\"elementor-element elementor-element-14a15b7f e-con-full e-flex e-con e-child\" data-id=\"14a15b7f\" data-element_type=\"container\">\n\t\t\t\t<div class=\"elementor-element elementor-element-71c0ede9 animated-slow elementor-invisible elementor-widget elementor-widget-heading\" data-id=\"71c0ede9\" data-element_type=\"widget\" data-settings=\"{&quot;_animation&quot;:&quot;fadeInUp&quot;}\" data-widget_type=\"heading.default\">\n\t\t\t\t\t<h3 class=\"elementor-heading-title elementor-size-default\">Participe das nossas campanhas<\/h3>\t\t\t\t<\/div>\n\t\t\t\t<div class=\"elementor-element elementor-element-160a8780 elementor-widget elementor-widget-text-editor\" data-id=\"160a8780\" data-element_type=\"widget\" data-widget_type=\"text-editor.default\">\n\t\t\t\t\t\t\t\t\t<p>\ud83c\udf81 Natal Solid\u00e1rio: todos os anos, cada idoso faz um pedido especial.<br data-start=\"3756\" data-end=\"3759\" \/>\ud83d\udc9d Voc\u00ea pode ser a pessoa que realiza esse sonho.<\/p>\t\t\t\t\t\t\t\t<\/div>\n\t\t\t\t<\/div>\n\t\t\t\t\t<\/div>\n\t\t\t\t<\/div>\n\t\t\t\t<\/div>\n\t\t","protected":false},"excerpt":{"rendered":"<p>CONTRIBUA Saiba COMO CONTRIBUIR Sua ajuda transforma vidas! 01 Doa\u00e7\u00f5es f\u00edsicas \u2705 Alimentos (especialmente leite \u2014 consumimos em m\u00e9dia 24 litros por dia)\u2705 Roupas e cal\u00e7ados\u2705 M\u00f3veis e objetos para o nosso bazar solid\u00e1rio 02 Doa\u00e7\u00f5es em dinheiro \ud83d\udcac Entre em contato com a nossa recep\u00e7\u00e3o para receber os dados banc\u00e1rios ou a chave PIX. [&hellip;]<\/p>\n","protected":false},"author":1,"featured_media":0,"parent":0,"menu_order":0,"comment_status":"closed","ping_status":"closed","template":"elementor_header_footer","meta":{"footnotes":""},"class_list":["post-127","page","type-page","status-publish","hentry"],"_links":{"self":[{"href":"https:\/\/lardosvelinhosmafra.com.br\/index.php?rest_route=\/wp\/v2\/pages\/127","targetHints":{"allow":["GET"]}}],"collection":[{"href":"https:\/\/lardosvelinhosmafra.com.br\/index.php?rest_route=\/wp\/v2\/pages"}],"about":[{"href":"https:\/\/lardosvelinhosmafra.com.br\/index.php?rest_route=\/wp\/v2\/types\/page"}],"author":[{"embeddable":true,"href":"https:\/\/lardosvelinhosmafra.com.br\/index.php?rest_route=\/wp\/v2\/users\/1"}],"replies":[{"embeddable":true,"href":"https:\/\/lardosvelinhosmafra.com.br\/index.php?rest_route=%2Fwp%2Fv2%2Fcomments&post=127"}],"version-history":[{"count":8,"href":"https:\/\/lardosvelinhosmafra.com.br\/index.php?rest_route=\/wp\/v2\/pages\/127\/revisions"}],"predecessor-version":[{"id":143,"href":"https:\/\/lardosvelinhosmafra.com.br\/index.php?rest_route=\/wp\/v2\/pages\/127\/revisions\/143"}],"wp:attachment":[{"href":"https:\/\/lardosvelinhosmafra.com.br\/index.php?rest_route=%2Fwp%2Fv2%2Fmedia&parent=127"}],"curies":[{"name":"wp","href":"https:\/\/api.w.org\/{rel}","templated":true}]}}